*n = 6*n - 24. Let g(q) = -12*q - 7. Let k(t) = -13*t - 8. Let d(r) = n*k(r) - 7*g(r). Give d(z).
-5
Let n(c) be the third derivative of 13*c**5/60 - c**4/12 - c**3/6 + 215*c**2. Let p(w) = w**2 + 15*w - 1. Let s be p(-15). Determine n(s).
14
Let s(k) be the second derivative of 1/8*k**4 + 9*k - 1/60*k**5 + 0*k**2 + 0 + 1/360*k**6 - 8/3*k**3. Let t(d) be the second derivative of s(d). What is t(4)?
11
Let h = -1129 + 1120. Let v(d) = d**3 + 9*d**2 - 3*d - 5. Give v(h).
22
Let o = -81 - -75. Let w(k) = -5*k - 14. Give w(o).
16
Let n(o) be the first derivative of -o**4/2 + 2*o**2 - 5*o - 893. Determine n(2).
-13
Let d(x) = -7*x - 47. Let r = -5565 - -5557. Give d(r).
9
Suppose 11*w - 31 - 305 = -13*w. Let d(z) = -z**3 + 15*z**2 - 15*z + 12. Give d(w).
-2
Let v(f) = -3*f + 21. Let w be 9/(27/6) + 0 + 2. Suppose -4*s + u = -39, w*s - 25 = -u + 16. Determine v(s).
-9
Let h(r) be the second derivative of r**5/20 - r**4/3 - r**3 - 3*r**2 - r. Let f = 165 - 153. Suppose f*z + 20 = 16*z. Determine h(z).
-11
Let s(l) = -38*l - 337. Let k be s(-9). Let m(c) = -c**3 + 4*c**2 + 11*c - 16. Calculate m(k).
14
Let t be (-19)/(-14 - 0 - -15). Let y(x) = x**2 + 15*x. Determine y(t).
76
Let x(q) = -570*q**2 + 568*q**2 - 995*q + 14 + 983*q + 2*q**3. Calculate x(3).
14
Let v(i) = -139*i**2 - 3*i - 6 + 2 + 59*i**2 + 41*i**2 + 28*i**3 + 40*i**2. Determine v(-1).
-28
Suppose 2*h = 3*h - 34. Let c(d) = -d + 6 - h + 15 + 6. Let g(n) = -2*n + 21. Let y be g(7). What is c(y)?
-14
Let n(m) = -2*m + 2. Let k be n(-4). Suppose -9*y + k = -4*y. Let j(t) = -3*t**2 + 8*t**2 - 4*t**2 - 4 + 7*t + 0*t**y. Give j(-6).
-10
Let q(z) = z - 1. Suppose -8 = -2*a + p, -4*a + 2 - 6 = 3*p. Suppose k + 0*k - 35 = -a*u, 5*u = k - 42. Let g = k + -38. Calculate q(g).
-2
Let p(j) = -4*j. Let g(d) = 7 - 17 - 9 - 11*d. Let l be g(-2). Calculate p(l).
-12
Let d(l) be the first derivative of -l**3/3 - l**2 - 1. Let w be ((-377)/26 + 13)*(-3 - -5). Give d(w).
-3
Let w(y) be the second derivative of y**4/12 + y**3/6 - 2*y**2 - 29*y. Let v(n) = 2*n - 7. Let m be v(5). Give w(m).
8
Let p be (-80)/(-4 - (0 + 1) - -3). Let l(u) = p*u + 40*u + 3 + 33*u - 141*u + 31*u. Calculate l(-5).
-12
Let b(u) = -6*u**3 - 36*u**2 + 42*u - 106. Let d(n) = -5*n**3 - 29*n**2 + 34*n - 85. Let s(o) = -9*b(o) + 11*d(o). Calculate s(6).
-41
Let f = -3306 + 3314. Let h(w) = -w + 25. Give h(f).
17
Let p = 36 - 36. Let m(d) = d**3 - 4*d + 6. Let z be m(p). Let y(r) = 5*r - 3. Let j(n) = -9*n + 7. Let k(t) = 3*j(t) + 5*y(t). Give k(z).
-6
Let l(a) = a**2 + 6*a. Suppose -3*m = 4*x + 7, 0 = -3*x - 3*m - 2*m + 3. Determine l(x).
-8
Let p(g) = -g**3 + 3*g + 4. Let r be p(0). Let n be (2/r)/(-8*4/(-640)). Let c(i) be the first derivative of -i**2/2 + 4*i + 2. Determine c(n).
-6
Let o(s) = s**2 + s - 1316. Let d be o(-37). Let n(j) = j - 37. Calculate n(d).
-21
Let q(z) = -z**3 - 2*z**2 + 7*z + 8. Let n = -30782 - -30780. What is q(n)?
-6
Let s(m) = -5*m**2 - 468*m + 467. Let t be s(1). Let w(o) = 25*o + 150. What is w(t)?
0
Let n(j) = -j**3 - j**2 + j + 6. Let o = 48 + -44. Suppose -7 = -6*q + 3*q - 2*d, -d - o = 0. Suppose -4*i + 4*u - 10 = 2*u, -q*i = -2*u + 10. What is n(i)?
6
Let r(t) = -38*t + 257. Let f(k) = 2*k**3 - 8*k**2 + 12*k - 1. Let n be f(2). Give r(n).
-9
Suppose 331 = -19*r + 179. Let p(b) = b**3 + 7*b**2 - 6*b + 6. What is p(r)?
-10
Let i = 4256161/120 - 35468. Let d(o) be the third derivative of -10*o**2 + 1/24*o**4 + 0 + i*o**6 + 1/6*o**3 - 1/15*o**5 + 0*o. Determine d(3).
-5
Let r(a) = 2*a + 2. Let n(v) = -2 - 6 + 2*v - 3*v - v**2. Let o(p) = -15*p + 675. Let w be o(45). Let y be n(w). Determine r(y).
-14
Let o(a) be the third derivative of a**2 + 15 + 7/2*a**3 - 1/24*a**4 + 0*a. Determine o(10).
11
Suppose -9 = -5*s - i, -i - 3*i - 12 = -4*s. Let h(f) = 7 - 3*f - s*f**3 + 4*f**2 + 3*f**3 - f. Suppose 3*u = 5*m - 15, 28*m - 20 = 4*u + 30*m. Give h(u).
2
Let h(k) = 2*k**3 + 12*k**2 + 4*k - 1. Suppose 2*r - 138 = 4*g - 106, 5*g + 42 = 3*r. Give h(g).
-25
Let j = -910 + 912. Let g(o) = -o**2 - 11*o + 29. What is g(j)?
3
Suppose 2*z - 2*d = -18, 5*z + 3*d = -12 - 9. Let m(h) = h**2 + 7*h - 7. What is m(z)?
-13
Let b = 17091 + -17057. Let r(o) = o**3 - 33*o**2 - 31*o - 96. Give r(b).
6
Let m(c) = 31132106*c**2 - 31132105*c**2 + 12 + 2 + 6*c. Give m(-8).
30
Let u(l) = 2*l**2 - 8*l + 3. Suppose n + 2*j = -10, -n + 4*j - j = -5. Let o = 6 + n. Suppose -o*z - z = -6, 0 = 2*f + z - 12. Calculate u(f).
13
Suppose 5*u + 24 = 5*v - 1, -u = -2*v + 8. Suppose 383 - 323 = 6*l. Let c(h) = 17 + 16 - 34 + 0*h + l*h - 7*h + h**3 - 3*h**2. Give c(v).
8
Let i(d) = 69*d**3 + 4*d**2 - 68*d**3 + d**2 - 2. Determine i(-4).
14
Let m(s) = -12*s - 11*s + 9 + 19*s + 23*s**2 - 20 - 8*s. Calculate m(-1).
24
Suppose 3*w + 10 = -30*n + 28*n, 6*n + 6 = -3*w. Let m(f) = -9*f - 3. Determine m(w).
33
Suppose 13*y = -7*y + 80. Suppose 3*p = -2*c + 2, p + y*c + 0 = 4. Let u(i) = -i**3 - i**2 + 5. What is u(p)?
5
Let d(p) = 4*p**2 + 5*p - 6. Suppose -2*i = 15 - 21. Let v(h) = 3*h**2 + 6*h - 6. Let n(c) = i*v(c) - 2*d(c). What is n(-8)?
-6
Let n be -6*10/45 - 25/15. Let c(a) be the third derivative of -a**6/240 - a**5/60 - a**4/24 + a**2. Let s(m) be the second derivative of c(m). Determine s(n).
7
Let s(d) be the first derivative of d**3 - 5*d**2 + d - 152. Let y(n) = -2*n**2 - 1. Let z(v) = -s(v) - 2*y(v). Calculate z(-9).
-8
Let b(p) = -p**2 + 5*p - 6. Let m(k) = -k**3 - 10*k**2 - 14*k + 20. Suppose 0 = -5*u - 5*l - 3 - 57, l + 4 = 0. Let r be m(u). Determine b(r).
-2
Suppose 7100*j + 6 = 7097*j. Let o(g) = -8*g + 14. Give o(j).
30
Let q = -454 + 456. Let o(r) = 0*r**2 - 17*r - r**3 + r**2 + 6*r + 10*r + q*r. Determine o(-1).
1
Suppose -29509*a + 29488*a + 84 = 0. Let b(i) be the second derivative of -5*i**2 + 27*i + 7/6*i**3 + 0 + 1/12*i**a. What is b(-7)?
-10
Let u(i) = 41*i**2 + i + 1. Suppose 0 = 2*d - 5*v + 7, -8*v + 9 = -3*d - 2*v. What is u(d)?
41
Let o(c) = c**3 + 6*c**2 + 4*c + 1. Let u = 1 + 3. Suppose -2*x = 4*m + 4 - 10, -m - u = 0. Let j = x + -16. Give o(j).
6
Let c = 83 + -78. Suppose 4 = 4*j, -9*f + c*f = -5*j + 33. Let w(z) = -z**3 - 7*z**2 - z - 7. Determine w(f).
0
Let y = -205 + 240. Suppose -3*r - 5*f + y = 0, f = 5*r + 2*f - 29. Let x(u) = u**3 - 5*u**2 - 5*u + 4. Calculate x(r).
-21
Let y(v) = v + 6879*v**2 - 9 - 6880*v**2 + 4*v + 0*v - 2*v. Give y(3).
-9
Let l(z) be the third derivative of z**6/120 + z**5/10 + z**4/6 - 55397*z**2. Let c = 5 - 10. Give l(c).
5
Let i(b) = 1 + 141*b**2 + 135*b**2 - 426*b**2 + 142*b**2 - 3*b. Give i(1).
-10
Let p(o) = -197. Let a(n) = n - 65. Let f(b) = 10*a(b) - 3*p(b). Calculate f(5).
-9
Let j(q) be the second derivative of q**4/12 - 5*q**3/2 + 29*q**2/2 + 948*q. Calculate j(12).
-7
Let b(l) = -38 + 56 + 3*l**2 - 5*l - 13 - 18 - 18. What is b(-4)?
37
Let r(w) = 5*w + 8. Let z(g) = -6*g - 8. Let t(n) = 49*n - 151. Let b be t(3). Let x(i) = b*r(i) - 3*z(i). What is x(-6)?
4
Let r(i) = -i**2 + 4*i + 4. Let t be r(5). Let z = 359 - 332. Let c(g) = -z*g + 28*g - 39*g**2 + 36*g**2. What is c(t)?
-4
Suppose x - 5*s - 1 = -6*s, -2*s = -3*x + 3. Let b(j) = -4*j - 8. Determine b(x).
-12
Let t be (16 - 9) + 1*15. Let r(j) = -5*j + 14. Let v(l) = -18*l + 54. Let z(o) = t*r(o) - 6*v(o). What is z(-8)?
0
Let y = 501 + -500. Suppose 5*v - 10 = -0*v. Let u(a) = 3 + v + a - 4. Determine u(y).
2
Suppose 2*w + r = 10, -w - r - 2 = -2*w. Suppose -3*y + 35 + 2 = -2*h, w*y = 3*h + 55. Let p(x) = -x**2 - 19*x - 35. Give p(h).
-1
Let r(v) = -2*v + 1. Suppose -4 = t - 1. Let i = t - -14. Suppose 10*h + i + 29 = 0. Determine r(h).
9
Let v(f) = f**3 + 3*f**2 - 6*f + 1. Let u be (-111)/((-10)/((-100)/(-6))). Let b = -190 + u. Determine v(b).
-19
Let q(g) = -49 - 9 - 234*g + 241*g. Calculate q(8).
-2
Let y(l) = -2*l**3 + 27*l**2 - 12*l - 9. Let z be y(13). Let i = 30 - 26. Let s(q) = q + 0*q - i*q + 6. Determine s(z).
-6
Let k = 31 + -25. Let u(d) = k*d + 10*d + 0 - 17*d - 1. Calculate u(-7).
6
Let v(n) be the second derivative of n**3/3 - 5*n**2 - 767*n + 5. Let l(z) = 6*z**3. Let k be l(1). What is v(k)?
2
Let u be (-2890)/(-102) - (-2)/(-6). Suppose -f = 2*s + 11, -s + 9*f - 14*f - u = 0. Let r(c) = -8*c - 3. Calculate r(s).
21
Let d(f) = -9*f - 75. Let l = -6148 - -6140. Determine d(l).
-3
Let g be -10*(-11)/(2970/